mmon factor of 1511886 and 261?
87
What is the highest common factor of 85 and 587095?
85
What is the greatest common factor of 15147 and 7803?
459
What is the highest common factor of 294 and 396564?
42
What is the greatest common factor of 20650 and 79709?
413
What is the greatest common factor of 78931 and 1241?
17
What is the greatest common divisor of 660 and 149952?
132
Calculate the greatest common divisor of 34829 and 87.
29
What is the highest common factor of 12453 and 5397?
21
Calculate the greatest common factor of 17135 and 1265.
115
What is the highest common factor of 6363186 and 222?
222
Calculate the greatest common divisor of 837 and 27.
27
What is the greatest common factor of 2378 and 55186?
82
What is the highest common factor of 19879 and 21?
1
Calculate the highest common divisor of 28119 and 5733.
273
What is the highest common factor of 6617955 and 849?
849
What is the greatest common divisor of 18567 and 1719?
9
Calculate the greatest common divisor of 3765 and 5073965.
1255
Calculate the greatest common divisor of 3179 and 33.
11
What is the highest common factor of 10 and 3368?
2
What is the greatest common divisor of 287 and 28112?
7
Calculate the greatest common factor of 54055 and 475.
95
What is the highest common factor of 128 and 1248?
32
What is the greatest common divisor of 2094410 and 10?
10
What is the highest common factor of 55 and 50545?
55
Calculate the highest common divisor of 4 and 56692.
4
Calculate the greatest common divisor of 200 and 57550.
50
Calculate the highest common factor of 3402 and 41244.
42
Calculate the highest common divisor of 15 and 42930.
15
What is the highest common divisor of 552 and 78108?
276
Calculate the greatest common factor of 205875 and 875.
125
What is the greatest common divisor of 1109756 and 6590?
1318
What is the highest common divisor of 4445 and 105?
35
Calculate the greatest common divisor of 493 and 58004.
17
Calculate the highest common factor of 1035 and 2783.
23
What is the highest common factor of 9217 and 29069?
709
Calculate the greatest common divisor of 139407 and 558.
93
What is the highest common divisor of 318930 and 1020?
30
Calculate the greatest common factor of 2291 and 237.
79
What is the highest common divisor of 14601 and 372?
93
What is the greatest common divisor of 13 and 66547?
13
Calculate the greatest common divisor of 442567 and 76.
19
Calculate the highest common divisor of 3612 and 1348179.
903
Calculate the greatest common divisor of 5 and 120685.
5
Calculate the greatest common divisor of 1001 and 1144.
143
What is the highest common divisor of 39 and 32344?
13
Calculate the greatest common factor of 10948 and 322.
322
Calculate the highest common factor of 68 and 27432.
4
What is the greatest common factor of 1480 and 5476?
148
Calculate the greatest common divisor of 421682 and 2.
2
What is the highest common divisor of 1012 and 1760?
44
What is the greatest common factor of 2177 and 50260?
7
What is the highest common divisor of 1294 and 8?
2
What is the highest common divisor of 3795 and 1495?
115
What is the greatest common divisor of 1426464 and 32?
32
What is the highest common divisor of 18 and 24674?
2
What is the greatest common divisor of 152 and 367574?
38
What is the greatest common divisor of 632632 and 2860?
572
Calculate the highest common divisor of 4 and 213.
1
What is the highest common factor of 24 and 7030104?
24
Calculate the greatest common divisor of 656 and 64452.
164
What is the greatest common divisor of 846135 and 45?
45
What is the greatest common divisor of 1056 and 326139?
33
Calculate the highest common factor of 10944 and 209.
19
What is the greatest common divisor of 315157 and 113?
113
Calculate the greatest common factor of 107074 and 682.
682
Calculate the greatest common divisor of 672 and 287392.
224
Calculate the highest common divisor of 102798 and 1602.
18
What is the highest common divisor of 688 and 6118384?
688
What is the greatest common divisor of 1581 and 293539?
527
Calculate the greatest common divisor of 766 and 43279.
383
What is the greatest common divisor of 964099 and 4985?
997
What is the highest common divisor of 6828 and 1764?
12
Calculate the highest common factor of 1120 and 623.
7
What is the greatest common factor of 42 and 16674?
42
What is the greatest common factor of 4664 and 181313?
583
What is the highest common factor of 38832 and 2352?
48
Calculate the highest common factor of 294282 and 81.
9
What is the highest common factor of 48 and 392592?
48
Calculate the highest common factor of 4921 and 21238.
259
What is the highest common factor of 118284 and 24?
12
What is the highest common factor of 28836 and 3888?
324
Calculate the greatest common factor of 12240 and 600.
120
Calculate the highest common factor of 1539 and 361.
19
Calculate the highest common divisor of 160321 and 9324.
259
Calculate the highest common divisor of 26700 and 11100.
300
What is the highest common factor of 448 and 172?
4
What is the highest common divisor of 18 and 241677?
9
Calculate the highest common factor of 8063 and 253.
11
What is the greatest common factor of 453020 and 20?
20
Calculate the highest common factor of 394396 and 172.
172
Calculate the highest common factor of 13410 and 900.
90
Calculate the greatest common factor of 6928030 and 1130.
1130
Calculate the highest common divisor of 160 and 1616.
16
What is the highest common factor of 36 and 978786?
18
Calculate the highest common factor of 91 and 22412.
13
Calculate the greatest common divisor of 25620 and 1.
1
What is the highest common factor of 75 and 343050?
75
Calculate the greatest common divisor of 3468 and 4455513.
867
What is the greatest common factor of 435 and 710?
5
Calculate the highest common factor of 2213913 and 39.
39
Calculate the greatest common divisor of 2418 and 21018.
186
What is the highest common divisor of 70416 and 1728?
432
What is the highest common divisor of 18901712 and 236?
236
What is the highest common divisor of 440 and 16632?
88
Calculate the greatest common factor of 1450 and 5050.
50
Calculate the greatest common factor of 37300 and 700.
100
Calculate the highest common factor of 431 and 2642461.
431
Calculate the highest common divisor of 1098 and 2790.
18
What is the highest common factor of 38 and 10469?
19
What is the highest common divisor of 3107 and 988?
13
Calculate the greatest common divisor of 260 and 14365.
65
Calculate the greatest common factor of 2 and 2084586.
2
What is the highest common factor of 61 and 2968992?
61
Calculate the greatest common divisor of 26122 and 134846.
706
Calculate the highest common factor of 1560664 and 2436.
812
What is the greatest common divisor of 669 and 13311762?
669
What is the greatest common factor of 170456 and 2086?
298
Calculate the greatest common divisor of 3013 and 23.
23
Calculate the greatest common divisor of 12 and 6376.
4
Calculate the greatest common divisor of 2727 and 495.
9
Calculate the greatest common divisor of 1442 and 154.
14
What is the greatest common divisor of 2880 and 31280?
80
What is the highest common factor of 216 and 9144?
72
What is the highest common divisor of 3 and 37923?
3
What is the highest common divisor of 14436 and 396?
36
What is the highest common divisor of 686 and 214718?
686
What is the greatest common factor of 6000 and 37920?
240
What is the highest common divisor of 10556 and 2444?
52
Calculate the greatest common factor of 12741 and 527.
31
Calculate the highest common divisor of 893129 and 17.
17
What is the greatest common divisor of 98 and 978?
2
Calculate the highest common factor of 56238 and 84.
42
Calculate the highest common factor of 147625 and 1000.
125
Calculate the greatest common factor of 94720 and 240.
80
What is the greatest common factor of 124185 and 255?
255
Calculate the highest common divisor of 352 and 64584.
8
What is the highest common factor of 1470 and 8130?
30
What is the highest common factor of 202218 and 27?
3
Calculate the highest common factor of 2840 and 3960.
40
Calculate the highest common divisor of 1441 and 10637.
11
What is the greatest common factor of 517 and 2624809?
517
Calculate the highest common divisor of 60 and 84424.
4
What is